s -100252 + -2245?
-102541
In base 6, what is 2511 - 300?
2211
In base 5, what is 3 - -104002012?
104002020
In base 16, what is 89fa8 + 2?
89faa
In base 10, what is 109 + 75?
184
In base 7, what is 1116455 - 4?
1116451
In base 16, what is -8 - 3d8?
-3e0
In base 9, what is 4 - 1115?
-1111
In base 7, what is 3443642 + 1?
3443643
In base 5, what is 21443012 - -10?
21443022
In base 3, what is 11022020102 - 202?
11022012200
In base 3, what is -21212012 + 12100?
-21122212
In base 11, what is -49 + 1329?
1290
In base 4, what is 11101122 + -1?
11101121
In base 16, what is 4b2 - -3b?
4ed
In base 2, what is -10100001 + -1001110001?
-1100010010
In base 2, what is -10100010110 - 1010000?
-10101100110
In base 14, what is c6ba81 + 2?
c6ba83
In base 11, what is -a + a933?
a924
In base 3, what is -11021102100212 + -11?
-11021102101000
In base 15, what is -5d - 670?
-6cd
In base 9, what is 0 + 582123?
582123
In base 6, what is -232 - -104?
-124
In base 12, what is -2 - 54990?
-54992
In base 11, what is -23793 + 63?
-23730
In base 2, what is 111010000001001 + -101?
111010000000100
In base 11, what is -2 + 37181?
3717a
In base 2, what is -10001100010110 - 1000?
-10001100011110
In base 6, what is 0 - -205403?
205403
In base 12, what is 0 - 47990?
-47990
In base 5, what is 3 - -13110311?
13110314
In base 15, what is -1 + -1c0d4?
-1c0d5
In base 12, what is 7753 - 2?
7751
In base 13, what is -251b + -1?
-251c
In base 8, what is -115 - 1412?
-1527
In base 9, what is 7022 - -2?
7024
In base 12, what is -171 + -186?
-337
In base 5, what is 2 - 221001?
-220444
In base 11, what is -40256 + 15?
-40241
In base 7, what is -5 - 2440545?
-2440553
In base 15, what is -9406 - 5?
-940b
In base 6, what is 104 + 2242?
2350
In base 11, what is 178 - -6904?
6a81
In base 5, what is -40 - -344104?
344014
In base 11, what is 274945 + 3?
274948
In base 5, what is 4100 - -100321?
104421
In base 14, what is -d703 - 4?
-d707
In base 3, what is -1011002102 - -2?
-1011002100
In base 12, what is -332 - -2168?
1a36
In base 5, what is -13013 + 1440?
-11023
In base 3, what is 221100 - 11121?
202202
In base 12, what is -4 - 844a52?
-844a56
In base 14, what is 3 - -29a32d?
29a332
In base 9, what is 404677 - -2?
404680
In base 16, what is -19 + -3ed8?
-3ef1
In base 12, what is 284b6 - -47?
28541
In base 5, what is -101143422 + -24?
-101144001
In base 7, what is -1 + 34046?
34045
In base 8, what is 1233 + 46?
1301
In base 10, what is 2362 - -5?
2367
In base 6, what is -203520 - -332?
-203144
In base 11, what is -129685 + 4?
-129681
In base 15, what is -232 - 66?
-298
In base 5, what is -1412420141 - -3?
-1412420133
In base 7, what is 245042 - -23?
245065
In base 5, what is -30224 + -120?
-30344
In base 14, what is 3 - -76b78?
76b7b
In base 12, what is -1b + a94?
a75
In base 8, what is 1005 + 1050?
2055
In base 10, what is -2 - -1774079?
1774077
In base 8, what is -116502 - -100?
-116402
In base 5, what is 340142302 + -1?
340142301
In base 16, what is 552c - -7?
5533
In base 13, what is -1 - 9032?
-9033
In base 2, what is 10 + -100001111011100010?
-100001111011100000
In base 3, what is 10222202 - 1?
10222201
In base 12, what is -41 + -59?
-9a
In base 10, what is 1024631 - 4?
1024627
In base 3, what is 122112212222 - 11?
122112212211
In base 8, what is 5 - -25327?
25334
In base 13, what is -285b5 - 8?
-285c0
In base 5, what is 21212 - -133?
21400
In base 7, what is 24322 + 11?
24333
In base 9, what is 0 - 321588?
-321588
In base 13, what is 4 + 141a?
1421
In base 12, what is -7 + 15901?
158b6
In base 2, what is -10000110010011 + -101101?
-10000111000000
In base 13, what is 5 - 655?
-650
In base 8, what is 167317 + -2?
167315
In base 15, what is -3 - 110b?
-110e
In base 10, what is 4 + -362864?
-362860
In base 5, what is -1410 + -1442?
-3402
In base 6, what is -1433042 + 3?
-1433035
In base 5, what is -1114 + -210?
-1324
In base 13, what is -a367 + 1?
-a366
In base 3, what is 2 - 120012010?
-120012001
In base 3, what is 200220212 + -12?
200220200
In base 2, what is 10001010111 + -10101011011?
-100000100
In base 2, what is 11110010011100 - -111001?
11110011010101
In base 11, what is 33 + -410?
-388
In base 4, what is 11 - 1112302?
-1112231
In base 16, what is -2c2 + -f6?
-3b8
In base 3, what is -11212121212 - 22?
-11212122011
In base 8, what is -212 + -2710?
-3122
In base 3, what is -10102210 - 2022?
-10112002
In base 14, what is -123 + 493d?
481a
In base 6, what is 5 - -3351550?
3351555
In base 14, what is 8902 - -82?
8984
In base 14, what is 7a - 3b0?
-334
In base 4, what is 312 + -312231?
-311313
In base 2, what is -100111011001101 + -1010?
-100111011010111
In base 10, what is -51 - 4132?
-4183
In base 5, what is 2232012 - -2?
2232014
In base 9, what is 280 + -264?
15
In base 5, what is 222 + 211?
433
In base 12, what is -2 + -14322?
-14324
In base 7, what is 254613 + -4?
254606
In base 8, what is -1114236 - 0?
-1114236
In base 12, what is -ba28 - -44?
-b9a4
In base 7, what is -326 - 504?
-1133
In base 2, what is -10111 + 11001111110?
11001100111
In base 5, what is -122323040 + 14?
-122323021
In base 16, what is dc4 - -1c?
de0
In base 8, what is 0 + -47131?
-47131
In base 11, what is 5 + -1595?
-1590
In base 10, what is 0 - 5514?
-5514
In base 3, what is 2101211122 + -12?
2101211110
In base 6, what is 1302 - 11521?
-10215
In base 15, what is -b1 + 2734?
2673
In base 9, what is -11001 - 15?
-11016
In base 10, what is -3 - 50762?
-50765
In base 9, what is -33584 + 6?
-33577
In base 13, what is -18c3 - -b8?
-1808
In base 3, what is -222210121 - 2110?
-222220001
In base 6, what is 55 + 12322?
12421
In base 3, what is 11 - -2202001?
2202012
In base 13, what is 2a88 + 1?
2a89
In base 10, what is 0 + 60195?
60195
In base 16, what is -11 - 79?
-8a
In base 4, what is 132 - 1032101?
-1031303
In base 10, what is 101 + -26069?
-25968
In base 13, what is 6 - 4252?
-4249
In base 10, what is 74626 - 0?
74626
In base 16, what is 82 + 37?
b9
In base 12, what is -66 - -2367?
2301
In base 2, what is -1101 - 11101111001010011?
-11101111001100000
In base 11, what is 148907 - a?
1488a8
In base 9, what is 2148 + 582?
2741
In base 8, what is -1231211 + 3?
-1231206
In base 7, what is -15456 - 105?
-15564
In base 10, what is -514 + -16?
-530
In base 2, what is -100 - -101100000011100?
101100000011000
In base 5, what is -12321304 - 4?
-12321313
In base 13, what is 5 - 1664b7?
-1664b2
In base 14, what is 960 + -55?
909
In base 6, what is -3112111 + 2?
-3112105
In base 14, what is -2 + -d4cb?
-d4cd
In base 11, what is 23 + -7506?
-7493
In base 12, what is -2 - 302944?
-302946
In base 9, what is 36634 + 66?
36711
In base 9, what is 20508886 + 3?
20510000
In base 14, what is -8 + 3219?
3211
In base 8, what is -60 - -135?
55
In base 7, what is 646 + 14144?
15123
In base 8, what is -3 + -32677?
-32702
In base 15, what is -2 + 19c446?
19c444
In base 14, what is 1cc3 + a?
1ccd
In base 7, what is -24642651 + 5?
-24642643
In base 10, what is -1764777 + 2?
-1764775
In base 5, what is 3421 - -32334?
41310
In base 7, what is 35613 - 3?
35610
In base 14, what is -3 + -232c8?
-232cb
In base 2, what is 11 - -100010101011111101?
100010101100000000
In base 12, what is 5 + -229739?
-229734
In base 11, what is a2 + -5752?
-5660
In base 11, what is -316 + -368?
-683
In base 8, what is -10467 + 26?
-10441
In base 16, what is 5 - 1517?
-1512
In base 15, what is -31e - c6?
-3e5
In base 8, what is 144077 + 3?
144102
In base 9, what is 1862 + 715?
2677
In base 2, what is 100 + -110101101111?
-110101101011
In base 10, what is -9469 - 6?
-9475
In base 15, what is 5 - -2224?
2229
In base 15, what is 0 - -18c6e5?
18c6e5
In base 6, what is -5 + 32122?
32113
In base 9, what is 77 - 1732?
-1644
In base 12, what is 216 + -180?
56
In base 13, what is 2 + a260?
a262
In base 5, what is -404 - 102?
-1011
In base 12, what is -2a - 5738?
-5766
In base 2, what is 101111000001001010 - -111?
101111000001010001
In base 8, what is -312525 - 1?
-312526
In base 6, what is -4050 - 52?
-4142
In base 4, what is 11301 - 1101?
10200
In base 6, what is -1041505 + 3?
-1041502
In base 15, what is 4 - ada0?
-ad9b
In base 12, what is 133 - 4b1?
-37a
In base 6, what is -4 - 304121?
-304125
In base 8, what is -131 - 2016?
-2147
In base 15, what is -34 - 76ae?
-76e3
In base 2, wha